z?
7
Let t = -4 - -10. Suppose -3*j - 78 = -t*j. What is the units digit of j?
6
Let c(y) = y**3 + y**2. Let s be c(-1). Suppose -5*x + 139 + 71 = s. What is the tens digit of x?
4
Suppose 5 = 5*b - v - 4*v, -v = 0. Let z be (6/10 - b)*120. Let t = z - -70. What is the tens digit of t?
2
Let z(q) = -q**2 + 2*q + 1. Let r be z(3). Let d = 7 + r. What is the units digit of d?
5
What is the tens digit of (-11)/3*(-360)/15?
8
Suppose z = 3*z + 12. Let v(n) = n + 1. Let i(s) = 2*s + 3. Let q(g) = 2*i(g) - 5*v(g). What is the units digit of q(z)?
7
Let f be (-1)/(3/477) + -3. What is the units digit of f/(-21) + 4/14?
8
Let j be 3/(-4 + 3) - -6. Suppose p + 1 = -3*s + 63, j*p + 42 = 3*s. What is the tens digit of s?
1
Suppose 2*g + 186 = -0*g. Let c = -33 - g. Suppose -7*n + c = -2*n - 5*h, -3*h = 5*n - 76. What is the units digit of n?
4
Suppose 0 = -5*h - 22 - 8. Suppose -g - 3*g - 19 = r, -5*g - 20 = 5*r. Let c = r - h. What is the units digit of c?
7
Let d(y) = -5*y**2 + 3 + 3*y + 0*y**2 + 4*y**2 - y**3. Suppose 17 = -f - 5*r, 0 = 5*f + 2*r + r + 19. What is the units digit of d(f)?
1
Let h(a) = 8*a - 5. Let f(p) = -3*p - 4. Let d be f(-2). What is the tens digit of h(d)?
1
Let r(t) = -2 - t + t - t. Let s be r(-6). Suppose 0 = s*j + 3*w + 4, 3*j + 4 = 3*w + 22. What is the units digit of j?
2
Suppose 3 = 3*c - 6. Suppose -5*r - c*g = 55, 4*g = 2*r + 2*r + 12. Let h = -5 - r. What is the units digit of h?
3
Let w(f) = f**3 + 6*f**2 - 9*f - 5. Let n = 8 + -14. Let r = -1 + n. What is the units digit of w(r)?
9
What is the units digit of (6/(-8) + 1)*164?
1
Let q be 5*(1 - 6/10). Suppose 4*w + 3*f = -18, -f - 11 = 5*w - q*w. What is the tens digit of (0 + -1)*(-8 + w)?
1
Let i be (4/6)/(6/9). Let c = i - 1. Suppose 10 = -5*o, o = 2*x - c*o - 10. What is the units digit of x?
4
Let b be 22/5 - (-27)/45. Let d(z) = -z**3 + 5*z**2 + 3*z + 4. What is the tens digit of d(b)?
1
Suppose -5*n - 15 = -2*n. What is the units digit of (-7 - n) + 3*3?
7
Let r be (-18)/5 + 3/5. What is the tens digit of (28 - (-1 - r))/2?
1
Suppose -5 = i - 20. What is the units digit of i?
5
Let r(l) = l**3 - 3*l**2 + 2*l - 1. What is the units digit of r(4)?
3
Suppose 5*j + 4 = 24. Suppose -3*c - j*x + 8 = 0, -c - x + 3 = -0*c. What is the units digit of c?
4
Let c(z) = -4*z - 1. Suppose -3*w - 5 = 7. What is the units digit of c(w)?
5
Let a(g) = -g**2 - 4*g - 3. Let x be a(-4). What is the tens digit of (3/2)/(x/(-50))?
2
Suppose -5*r = -5*i - 40, 4*r - 2*i - 8 - 28 = 0. Let l = r - 5. What is the units digit of l?
5
Suppose 2*c - 35 = -3. What is the tens digit of c?
1
Let b be 256/80*5/2. Let h = 20 - b. What is the units digit of h?
2
Suppose -2*f + 3*x + 11 = 0, 3*f - 13 = 5*x + 2. Suppose 0*g = g - 1, w - f = -3*g. What is the units digit of w?
7
Suppose -4*c + 39 = -25. Suppose 5*y - 4*z = 74, 2*y - c = -4*z + 9*z. What is the tens digit of y?
1
Let p(s) = -2*s - 9. Let c be p(-7). Suppose 0 = -2*i + c*i - 75. What is the tens digit of i?
2
Suppose 6*s - 561 - 93 = 0. What is the hundreds digit of s?
1
Let a = 4 - -7. Let j = a + 6. What is the tens digit of j?
1
What is the units digit of (-46)/(-14) - (-10)/(-35)?
3
Let b(i) = 24*i**3 - i**2 - i + 2. Let g be b(1). What is the units digit of 198/g - 1/4?
8
Let n(j) = 6*j**3 + 10*j**2 + 6*j - 21. Let h(p) = 2*p**3 + 3*p**2 + 2*p - 7. Let k(m) = -7*h(m) + 2*n(m). What is the units digit of k(-3)?
8
Let w = 21 + -13. What is the units digit of 1*11 - w/(-4)?
3
Let v(p) = -p + 9*p - p + 5*p - 2. What is the units digit of v(3)?
4
Let g(y) = y**2 - 4*y + 2. Let u be g(4). What is the units digit of (u/(-4))/(3/(-6))?
1
Suppose 0*u + 4*u + q = -13, -5*u + 5 = -3*q. Let k be (8 - -2)*(-1)/u. Suppose -25 - k = -5*i. What is the units digit of i?
6
Let b be 1/4 + (-21)/(-12). Suppose b - 62 = -4*q. What is the units digit of q?
5
Let v(z) = z**3 + 13*z**2 + 6*z + 14. Let i be v(-10). Suppose 0 = 4*y + 8, -5*f + 3*y - y + i = 0. What is the tens digit of f?
5
Let f(a) = 3*a - 14. Let r(q) = q**2 + 3*q + 6. Let h be r(-4). What is the tens digit of f(h)?
1
Suppose 5*w - 8 = -3*l + 13, 4*w + 48 = 3*l. What is the units digit of l?
2
Let y be 4*(15/6 + -2). Suppose 0 = y*l - 5*l. Suppose l*r + 27 = 3*r. What is the units digit of r?
9
Let t = 4 - 1. What is the units digit of t?
3
Let d = 13 + -16. Let m = 8 + d. What is the units digit of m?
5
Let l be 3/((-6)/(-178))*1. Suppose 5*a = 4*i + l, 3*a - 80 = -2*a - 5*i. What is the tens digit of a?
1
Let m = 3 - 10. Let l(a) = -a**2 - 8*a - 2. What is the units digit of l(m)?
5
Let i(v) = -3 + 9 + 3 - v + 1. What is the units digit of i(9)?
1
Let f = -20 + 50. What is the tens digit of f?
3
Let n = -8 - -12. Let h be (-3 - -4*1)*n. Suppose -20 = -5*u + 2*z, 0*u + h*z = u + 14. What is the units digit of u?
6
Suppose 3*b = -o - b + 35, 2*o - 4*b - 10 = 0. Suppose -o - 12 = -3*w. What is the units digit of w?
9
Suppose g + u - 2 = 0, -4*u + 4 + 0 = 0. What is the units digit of 208/10 + g/5?
1
Suppose -5*i + j - 46 + 6 = 0, -1 = 3*i + 4*j. Let b = 5 + i. What is the units digit of 5/(-1 - b - 0)?
5
Suppose 0 = 2*v - 3*v + 95. What is the units digit of v?
5
What is the hundreds digit of 232 + 4/(-6)*(-12)/8?
2
Let h be (30/(-40))/(1/(-4)). Let x = -1 + h. What is the units digit of x?
2
Suppose -3*k - k - 86 = 3*i, -5*i - 50 = 2*k. Let f = 23 + k. What is the units digit of f?
3
Suppose -5*x + 4 + 1 = 0. What is the units digit of x?
1
Let h(q) = 8 - 3*q + 7*q - 3*q. Let n be h(-6). Suppose -n*v + 28 = 3*l, 15 = 2*v + 2*l - 11. What is the units digit of v?
1
Let r(d) = 140*d + 6. What is the units digit of r(2)?
6
Let r(i) = i**2 - 12*i + 13. Let g be r(11). Suppose t = -4*q - t + 30, -3*q + 25 = g*t. What is the units digit of q?
5
Let t be ((-21)/9)/(1/(-3)). Let m = t - 7. Let s = m - -6. What is the units digit of s?
6
Let m = -251 + 430. What is the tens digit of m?
7
Let u be -3 + 0*1/(-1). What is the units digit of (-2 + -5)/(1/u)?
1
Let s(v) = 11*v**2 + 5 + 9 - v**3 + 1 + 4*v. Let c be s(11). Suppose -2*j = 2*b - 20, 0 = 5*b - 5*j - c - 11. What is the tens digit of b?
1
Let f be ((-3)/(-2))/((-12)/(-32)). Suppose -f + 1 = -r. What is the units digit of r?
3
Let t(j) be the second derivative of 2*j**3 + 3*j**2/2 + 7*j. What is the units digit of t(3)?
9
Suppose 4*s = -0 + 20. Suppose s*i - 6 = 2*i. What is the units digit of i?
2
Let w(v) = 4*v**2 - v - 14. What is the tens digit of w(7)?
7
Suppose 4*f = -4*n - 6 - 2, 0 = -2*n - 4*f - 14. Let r = n - -3. What is the units digit of r?
6
Suppose 3*a - 30 = -2*a. Suppose -a*o = -o - 10. What is the units digit of 3 + (5 - o) + 3?
9
Let q(r) = 2*r**2 - 4*r + 8. What is the tens digit of q(4)?
2
Let d = -29 - -20. Let m = 18 + d. What is the units digit of m?
9
Suppose 5*s - s = 16. Suppose 5*o - 269 = 4*u, 2*o - s*u = -7*u + 126. What is the tens digit of o/4 + (-4)/16?
1
Let u = -2 - -4. Let p(l) = -3*l + 3*l**3 + l**u + 3 - l**3 - 4*l**2. What is the units digit of p(3)?
1
Let x(a) = 22*a + 10. What is the units digit of x(11)?
2
Let k(w) be the first derivative of 2*w**3/3 - 9*w**2/2 + 14*w - 1. What is the units digit of k(6)?
2
Suppose 18 = 2*u + u. Suppose d = 1 - u. What is the units digit of (-4)/10 + (-7)/d?
1
Let d be (11/(-4 + 5))/(-1). Let v = d + 21. What is the tens digit of v?
1
Suppose 855 = z + 2*z. What is the hundreds digit of z?
2
Let u(p) = p**2 - 5*p + 4. Let f be u(4). Suppose 4*k - 34 - 46 = f. What is the units digit of k?
0
Suppose 0 = 3*v - 0*v, 80 = 5*n + 5*v. Suppose -3*h + 27 + 39 = 0. Let m = h - n. What is the units digit of m?
6
What is the units digit of 216/28 - (-2)/7?
8
Let b = 34 + -79. Let o = b + 71. What is the units digit of o?
6
Let k(v) = -v**3 + v**2 + 9*v + 11. What is the hundreds digit of k(-5)?
1
Let m = -33 + 61. Suppose 4*k = -4*u + 72, -3*u - 4*k + m = -u. What is the units digit of u?
2
Let i = 4 + -3. Let f = i - -16. What is the tens digit of f?
1
Let b = -102 - -145. What is the tens digit of b?
4
Suppose -3*w - 5*i = -3*i, 0 = -3*w - 3*i. Suppose w = -y + 2, 4*y - 16 = 2*z - 6*z. What is the units digit of z?
2
Suppose 4*j = -0*j + 12. Suppose j*p - 108 = -5*q + 80, -q = -3*p - 34. What is the units digit of q?
7
Suppose -20*q = -24*q + 552. What is the tens digit of